Is d(y) composite?
False
Suppose i - 2*i = 0. Let w be (i - 1)/(3/(-102)). Suppose 5 = z, -3*s + 2*s - 3*z + w = 0. Is s prime?
True
Let r(j) = -43*j + 14. Suppose 9*p - 6*p = 24. Let v be r(p). Let q = -139 - v. Is q a composite number?
False
Suppose -3*i + 12174 = 3*k - 7380, 5*i - 6506 = -k. Is k prime?
True
Let s be 18/14 + 4/(-14). Is -3*(s - 2760/9) prime?
False
Suppose 0 = -3*u, 0 = a + 25*u - 27*u - 17855. Is a a composite number?
True
Let g = 148 - 53. Let j = 278 + g. Is j prime?
True
Suppose 257*i - 260*i = -104217. Is i prime?
True
Suppose 0 = 15*i - 11*i - 8924. Is i composite?
True
Let u be (7 - 6)*-3*(2 + -3). Suppose 6*i = -u*h + 11*i + 3512, 0 = -3*h + i + 3520. Is h composite?
True
Suppose 0 = -48*v + 77160 + 226152. Is v prime?
False
Let f be -1 + (-1 - -1)*1/(-2). Is (3 - f)/(-4)*-491 composite?
False
Suppose 103093 = 9*b - 41042. Is b composite?
True
Suppose 4*r + 17 = 5. Let h(j) = 4 - j + 3*j + 13*j**2 + 12*j**2. Is h(r) a composite number?
False
Let d = 11104 - 757. Is d a composite number?
True
Let x = -120 - -410. Suppose -o = -2*i + x, 2*i - 433 = -i + o. Is i a composite number?
True
Let k = -13710 + 8739. Is (20/60)/((-1)/k) a composite number?
False
Suppose 2728 = 2*b + 2*v, 5*b + 2*v - 3733 = 3078. Is b a prime number?
True
Let f(i) = 159*i**2 - i - 3. Suppose 0 = 4*u + r - 7, 0 = 2*r + 6 - 4. Is f(u) prime?
True
Let b(s) = -16*s + 5. Let r be b(6). Let z = 610 + -584. Is (-1670)/(-14) + z/r a composite number?
True
Suppose 5*s + 79 - 497 = 4*o, -214 = 2*o - 5*s. Let h = 153 + o. Is h a prime number?
False
Let i(t) = -2*t**3 - 3*t**2 + 26*t + 41. Is i(-10) a prime number?
True
Let g = 2047 + 680. Let t = 8726 - g. Is t a prime number?
False
Suppose -4*u = -0*w - w + 23, 0 = -3*w + 5*u + 34. Let m(l) = -268*l**2 - l - 3. Let z be m(w). Let a = z + 3815. Is a a composite number?
True
Let d(q) be the third derivative of q**6/60 + q**5/30 + 7*q**4/8 + q**3 - 36*q**2. Is d(7) a prime number?
True
Suppose 3*d + 3*k + 99 = 0, -2*k + 59 + 61 = -4*d. Let p = d - -45. Is 3 + p + (1 - -1) a prime number?
True
Let k = 206 + -65. Suppose -k = 6*z - 3015. Is z a prime number?
True
Let y(h) be the second derivative of -67*h**6/180 + h**5/40 + h**4/2 - 2*h. Let q(u) be the third derivative of y(u). Is q(-1) prime?
True
Let x = 811 + -176. Is x composite?
True
Suppose 4*j = -8*j + 66684. Is j prime?
True
Suppose 9*v - 12*v + 9 = 0. Suppose 0 = -v*q - 0*q + 597. Is q a prime number?
True
Let i = -8 + 14. Suppose -4*s - i = 70. Is 3*3/(-9)*s a prime number?
True
Let y = -352 + 747. Let x = y - -812. Is x composite?
True
Suppose 2 = -n - 0, 2*n = 5*t + 2666. Let z = 383 - 594. Let w = z - t. Is w prime?
False
Let p(y) = 3294*y**2 + 6*y - 7. Is p(1) a prime number?
False
Suppose -38456 = 13*c - 104613. Is c composite?
True
Let k = -3114 - -4595. Is k a composite number?
False
Suppose 0 = n + 5*d - 0*d + 2, -2*n + 11 = -5*d. Suppose 3*a = h + 2*a - 242, -n*a + 1170 = 5*h. Is h a composite number?
True
Let w = 12 + 40. Is ((-2)/(-6))/(4/201)*w a composite number?
True
Let w = 2709 + 3070. Is w a prime number?
True
Is 7924 + 5/(-5 + (1 - -3)) a composite number?
False
Let n(h) = 2 - 163*h + 4 - 7 + 6. Is n(-2) a prime number?
True
Is (4 + 1655)*(3/(-9))/(-1) composite?
True
Is 335046/42 + 4 - 6/21 prime?
False
Suppose -11*n = -38 + 5. Suppose -2*f - n*x + 1351 = 0, -5*f + 611 = -3*x - 2777. Is f a composite number?
False
Let u = 14 - 12. Suppose 5*a + 0*a - 16 = 4*c, -2*c = -u*a + 8. Is 2 + (a + 1)*251 a composite number?
True
Let g = 87897 + -61808. Is g composite?
True
Let j(z) = z + 10. Let d be j(-4). Let u(t) = 5*t**2 - 10*t + 22. Is u(d) composite?
True
Let q(s) = -s**3 - 5*s**2 + 6*s - 4. Let j be q(-7). Suppose 5*w - 2*g - 368 = 0, -2*w + 5*g - j = -3*w. Let v = -41 + w. Is v prime?
True
Let q = 90 - 130. Let d = -70 - q. Let t = 217 + d. Is t prime?
False
Let y = 12 + -18. Is (1 + 1)*13*(-69)/y composite?
True
Let o be (-250)/(-15) + (-4)/6. Suppose -2*a - 3*y + 34 = -o, -3*a + 3*y = -45. Is a prime?
True
Is (1/1)/((-6 - 10)/(-222304)) a composite number?
True
Let k(i) = -i + 5. Let u be k(3). Let w = u - -4. Suppose 3*s = w, -5*m = s - 283 - 134. Is m composite?
False
Suppose 0 = 3*o - b - 4781, -4*o + 2*b + 3*b = -6382. Let y be 1*((-16)/4 + -4). Is y/(-32) + o/12 a composite number?
True
Let u(l) = 276*l + 24. Let p be u(3). Suppose 2*k = 10, 3*y + 3*k - p + 66 = 0. Is y composite?
False
Let w(s) = s**3 - 11*s**2 + 4*s - 3. Let k(j) = j. Let r(z) = -3*k(z) + w(z). Let h be r(11). Suppose h = -2*b, 3*b = -3*a + 276 + 285. Is a a prime number?
True
Let j(x) be the second derivative of 2*x**5/5 + x**4/4 + x**3 - 5*x**2/2 - 6*x. Is j(4) a composite number?
True
Let x = 6 - 3. Suppose 0 = 11*f - 7*f - 68. Let l = f - x. Is l composite?
True
Let h(o) = 202*o**2 - 3*o + 2. Let g = 22 + -24. Let q(p) = -3*p - 5. Let a be q(g). Is h(a) composite?
True
Suppose 1 = 4*x + 5. Let z = 3 + -5. Is (-46)/(z/(-1))*x composite?
False
Suppose 2*b - 7105 = 4093. Is b a prime number?
False
Let n = -65 - -157. Suppose n + 32 = 4*c. Suppose -2*g - g = -f - 14, 2*g = 5*f + c. Is g prime?
True
Let n(m) = 2*m**3 + 3 + m - 3*m**3 + 2*m**3 + 3*m**2. Let o be n(-3). Is (652/8 + o)*2 a prime number?
True
Let d be 2/6 - 4/3. Let g(i) = -223*i - 4 - 4 + 8. Is g(d) prime?
True
Let f(b) = 2*b - 3. Let z be f(2). Let w be 588/(-8)*(-1 - z). Suppose x - 4*x + w = 0. Is x prime?
False
Let o = 8 + -72. Let y = 183 + o. Let g = -1 + y. Is g prime?
False
Let a(s) = s**3 - 5*s**2 + 4*s - 8. Let c be a(5). Let d(g) = 2*g + 9. Is d(c) a composite number?
True
Is 352/64*87036/66 a composite number?
False
Suppose 4*l - 4*g = -8, 0 = 3*l - 0*l - 4*g + 10. Suppose 2*u = 4*z + 348, -u + 172 = -l*z - z. Is u a prime number?
False
Let x(j) = -j**3 + 7*j**2 + 7*j + 8. Let f be x(8). Suppose -3*z - 3*g + 2913 = g, 2*z - 2*g - 1928 = f. Is z prime?
True
Let h(g) = 8*g - 8. Let b(s) = 9*s - 9. Let r(v) = -6*b(v) + 7*h(v). Let c be r(-2). Is -1 + c*(-42)/3 composite?
False
Suppose 0 = -f - 5*p + 625, 4*p - 816 = -f - 191. Suppose 2*k + k - 2*j = 371, -2*j = -5*k + f. Is k a prime number?
True
Let o be (2/2)/(1/29). Suppose 2*r = 5*z + 53, -3*z = 4*r - 2*r - o. Suppose k - 56 = -r. Is k prime?
True
Is (-4 - 36/(-8))/(-1)*-9502 composite?
False
Suppose 9274 = 6*v - 2*v + 3*t, 0 = -3*v - 5*t + 6961. Is v a composite number?
True
Let w = 80 + -71. Suppose -13*d + 11148 = -w*d. Is d prime?
False
Let x = -6 + 10. Suppose 5*o - 442 = -t, -4*t - x*o = -238 - 1482. Is t prime?
False
Is ((-30)/12)/(-5)*1*17218 composite?
False
Suppose -3*w = -9 - 39. Suppose -14*z - 148 = -w*z. Let o = z + -39. Is o a prime number?
False
Suppose 4*s + 8500 - 1267 = m, -14492 = -2*m - 5*s. Is m composite?
True
Is (-843)/2*(830/(-15) - -16) a composite number?
True
Suppose -3*j - 4*d = -77821, -4*j - 4*d + 103760 = -0*j. Is j prime?
True
Let f(w) = -w**3 - 2*w**2 + 10. Let s be f(-9). Suppose -x = s + 126. Let q = x - -992. Is q prime?
False
Suppose -3*j - 3 + 0 = 0. Let o be 3 - -3515 - (3 - j). Suppose 4*l = 2*l + o. Is l a composite number?
True
Suppose -3*g = -5*u + 194449, 2 + 0 = g. Is u a prime number?
True
Suppose 9*m + 3347 = 2*u + 6*m, -u - 3*m = -1660. Is u a composite number?
False
Suppose -3*h + 1065 = a, 508 + 563 = 3*h - a. Suppose 7*t = 1373 + h. Is t a prime number?
False
Suppose y + 0 = 10. Let v(w) = -w + 12. Let b be v(y). Suppose -b*t + 4*i + 495 = t, 3*i = -4*t + 635. Is t prime?
False
Let a be 1*(-3)/3 - -5. Suppose 0 = a*s + 15 + 5. Is 17/1*(0 - s) prime?
False
Let t = 72767 + 3460. Is t composite?
True
Suppose 2*n = -2*d + 63262 + 23430, d - 2*n = 43355. Is d a composite number?
True
Let z(a) = -20*a + 2. Let f(s) = -20*s + 3. Let g(h) = -5*f(h) + 6*z(h). Is g(-3) prime?
False
Let m(d) = -d**2 + 4*d. Let y be m(3). Suppose 3*s - 4*i + 19 = 0, -3*s + y*i + 0*i = 21. Is (-705)/s + (-4)/(-6) a prime number?
True
Let y be 4/14 - 132/21. Let x(k) = -232*k - 13. Is x(y) prime?
False
Let s(o) = -31*o**3 - 21*o**2 - 27*o - 3. Is s(-14) a prime number?
False
Let t = 60 + 60. Suppose -5*q + 2*g + 204 = 5*g, -g = 3*q - t. Is q a prime number?
False
Let m(t) = -68*t - 8. Let f(w) = -w**3 + 12*w**2 - 10*w - 4. Let r be f(11). Let x be m(r). Let l = -191 - x. Is l a prime number?
True
Suppose